{"id":25,"date":"2016-01-02T16:15:32","date_gmt":"2016-01-02T16:15:32","guid":{"rendered":"http:\/\/webkarma.it\/?page_id=25"},"modified":"2016-02-22T21:11:44","modified_gmt":"2016-02-22T21:11:44","slug":"brand-for-humans","status":"publish","type":"page","link":"http:\/\/www.webkarma.it\/storytelling\/brand-for-humans\/","title":{"rendered":"Brand for humans"},"content":{"rendered":"<p><strong>Cos&#8217;\u00e8 il brand? Qual&#8217;\u00e8 il significato di branding?<\/strong> Per chi scrivere? A chi ci si deve rivolgere? Alle persone; tutti noi apprezziamo quello che non ci fa &#8220;perdere tempo&#8221; e che ci arricchisce (ognuno secondo il suo punto di vista). Anche il branding, la promozione della propria attivita, prodotti e servizi, non pu\u00f2 sottrarsi a questo fatto e non dovrebbe tentare di farlo.<\/p>\n<p>Qualsiasi cosa scriviamo per comunicare con i nostri clienti \u00e8 <strong>dedicato a loro e a loro solamente<\/strong>; solitamente la comunicazione che ha meno successo \u00e8 quella istituzionale che glorifica l&#8217;attivit\u00e0, i suo risultati, i premi ottenuti e via dicendo. Acquistereste un prodotto od un servizio semplicemente perch\u00e8 l&#8217;azienda che lo produce dice di essere la migliore? Forse s\u00ec. D&#8217;altra parte la pubblicit\u00e0 stile <strong>Mad Man<\/strong> ancora oggi ammorba il mondo del marketing e tenta di forzare l&#8217;utente; spingerlo alla scelta tramite assiomi di comunicazione che, sinceramente, sono pi\u00f9 rivolti alla nostra parte animale che a quella umana.<\/p>\n<p>Non dico che questo tipo di advertising sia da condannare, semplicemente <strong>non l&#8217;apprezzo<\/strong> e credo che il consumatore medio sia pi\u00f9 evoluto ed esigente rispetto al passato; e sempre di pi\u00f9 lo sar\u00e0.<\/p>\n<p>Ecco quindi che torniamo allo <strong>Storytelling<\/strong>\u00a0 e alla voglia di raccontare piuttosto che di convincere. Ammetto che anche in questa tecnica si punta a comunicare con la nostra parte irrazionale, ma lo scopo \u00e8 innescare un ragionamento, non l&#8217;impulso a consumare.<\/p>\n<p>NON FATE COME ME! In questo blog scrivo per dire quello che penso e non per vendere. PER VENDERE DOVETE CONOSCERE L&#8217;ARCHETIPO\/I DEI VOSTRI POTENZIALI CLIENTI e pensare di essere di fronte a loro.<\/p>\n<div itemprop=\"liveBlogUpdate\" itemscope itemtype=\"http:\/\/schema.org\/BlogPosting\">\n    <span itemprop=\"headline\" content=\"Brand for Humans\"><\/span><br \/>\n    <span itemprop=\"datePublished\" content=\"2016-01-30T13:17:00-07:00\"><\/span>\n     <\/div>\n","protected":false},"excerpt":{"rendered":"<p>Cos&#8217;\u00e8 il brand? Qual&#8217;\u00e8 il significato di branding? Per chi scrivere? A chi ci si deve rivolgere? Alle persone; tutti noi apprezziamo quello che non ci fa &#8220;perdere tempo&#8221; e che ci arricchisce (ognuno secondo il suo punto di vista). Anche il branding, la promozione della propria attivita, prodotti e servizi, non pu\u00f2 sottrarsi a [&hellip;]<\/p>\n","protected":false},"author":1,"featured_media":173,"parent":0,"menu_order":0,"comment_status":"closed","ping_status":"closed","template":"","meta":{"footnotes":""},"class_list":["post-25","page","type-page","status-publish","has-post-thumbnail","hentry"],"yoast_head":"<!-- This site is optimized with the Yoast SEO plugin v21.8 - https:\/\/yoast.com\/wordpress\/plugins\/seo\/ -->\n<title>Storytelling \u00e8 brand for humans<\/title>\n<meta name=\"description\" content=\"Cos&#039;\u00e8 lo storytelling aziendale? Chi \u00e8 il brand o chi dovrebbe essere? Il web marketing positivo racconta tramite lo storytelling i pensieri ed i sogni.\" \/>\n<meta name=\"robots\" content=\"index, follow, max-snippet:-1, max-image-preview:large, max-video-preview:-1\" \/>\n<link rel=\"canonical\" href=\"http:\/\/www.webkarma.it\/storytelling\/brand-for-humans\/\" \/>\n<meta property=\"og:locale\" content=\"it_IT\" \/>\n<meta property=\"og:type\" content=\"article\" \/>\n<meta property=\"og:title\" content=\"Storytelling \u00e8 brand for humans\" \/>\n<meta property=\"og:description\" content=\"Cos&#039;\u00e8 lo storytelling aziendale? Chi \u00e8 il brand o chi dovrebbe essere? Il web marketing positivo racconta tramite lo storytelling i pensieri ed i sogni.\" \/>\n<meta property=\"og:url\" content=\"http:\/\/www.webkarma.it\/storytelling\/brand-for-humans\/\" \/>\n<meta property=\"og:site_name\" content=\"WebKarma\" \/>\n<meta property=\"article:modified_time\" content=\"2016-02-22T21:11:44+00:00\" \/>\n<meta property=\"og:image\" content=\"http:\/\/www.webkarma.it\/wp-content\/uploads\/2016\/01\/storytelling-for-humans-PIZZA.jpg\" \/>\n\t<meta property=\"og:image:width\" content=\"1024\" \/>\n\t<meta property=\"og:image:height\" content=\"1024\" \/>\n\t<meta property=\"og:image:type\" content=\"image\/jpeg\" \/>\n<meta name=\"twitter:card\" content=\"summary_large_image\" \/>\n<meta name=\"twitter:label1\" content=\"Tempo di lettura stimato\" \/>\n\t<meta name=\"twitter:data1\" content=\"1 minuto\" \/>\n<script type=\"application\/ld+json\" class=\"yoast-schema-graph\">{\"@context\":\"https:\/\/schema.org\",\"@graph\":[{\"@type\":\"WebPage\",\"@id\":\"http:\/\/www.webkarma.it\/storytelling\/brand-for-humans\/\",\"url\":\"http:\/\/www.webkarma.it\/storytelling\/brand-for-humans\/\",\"name\":\"Storytelling \u00e8 brand for humans\",\"isPartOf\":{\"@id\":\"http:\/\/www.webkarma.it\/storytelling\/#website\"},\"datePublished\":\"2016-01-02T16:15:32+00:00\",\"dateModified\":\"2016-02-22T21:11:44+00:00\",\"description\":\"Cos'\u00e8 lo storytelling aziendale? Chi \u00e8 il brand o chi dovrebbe essere? Il web marketing positivo racconta tramite lo storytelling i pensieri ed i sogni.\",\"breadcrumb\":{\"@id\":\"http:\/\/www.webkarma.it\/storytelling\/brand-for-humans\/#breadcrumb\"},\"inLanguage\":\"it-IT\",\"potentialAction\":[{\"@type\":\"ReadAction\",\"target\":[\"http:\/\/www.webkarma.it\/storytelling\/brand-for-humans\/\"]}]},{\"@type\":\"BreadcrumbList\",\"@id\":\"http:\/\/www.webkarma.it\/storytelling\/brand-for-humans\/#breadcrumb\",\"itemListElement\":[{\"@type\":\"ListItem\",\"position\":1,\"name\":\"Home\",\"item\":\"http:\/\/www.webkarma.it\/storytelling\/\"},{\"@type\":\"ListItem\",\"position\":2,\"name\":\"Brand for humans\"}]},{\"@type\":\"WebSite\",\"@id\":\"http:\/\/www.webkarma.it\/storytelling\/#website\",\"url\":\"http:\/\/www.webkarma.it\/storytelling\/\",\"name\":\"WebKarma\",\"description\":\"quello che dai ti sar\u00e0 restituito\",\"potentialAction\":[{\"@type\":\"SearchAction\",\"target\":{\"@type\":\"EntryPoint\",\"urlTemplate\":\"http:\/\/www.webkarma.it\/storytelling\/?s={search_term_string}\"},\"query-input\":\"required name=search_term_string\"}],\"inLanguage\":\"it-IT\"}]}<\/script>\n<!-- \/ Yoast SEO plugin. -->","yoast_head_json":{"title":"Storytelling \u00e8 brand for humans","description":"Cos'\u00e8 lo storytelling aziendale? Chi \u00e8 il brand o chi dovrebbe essere? Il web marketing positivo racconta tramite lo storytelling i pensieri ed i sogni.","robots":{"index":"index","follow":"follow","max-snippet":"max-snippet:-1","max-image-preview":"max-image-preview:large","max-video-preview":"max-video-preview:-1"},"canonical":"http:\/\/www.webkarma.it\/storytelling\/brand-for-humans\/","og_locale":"it_IT","og_type":"article","og_title":"Storytelling \u00e8 brand for humans","og_description":"Cos'\u00e8 lo storytelling aziendale? Chi \u00e8 il brand o chi dovrebbe essere? Il web marketing positivo racconta tramite lo storytelling i pensieri ed i sogni.","og_url":"http:\/\/www.webkarma.it\/storytelling\/brand-for-humans\/","og_site_name":"WebKarma","article_modified_time":"2016-02-22T21:11:44+00:00","og_image":[{"width":1024,"height":1024,"url":"http:\/\/www.webkarma.it\/wp-content\/uploads\/2016\/01\/storytelling-for-humans-PIZZA.jpg","type":"image\/jpeg"}],"twitter_card":"summary_large_image","twitter_misc":{"Tempo di lettura stimato":"1 minuto"},"schema":{"@context":"https:\/\/schema.org","@graph":[{"@type":"WebPage","@id":"http:\/\/www.webkarma.it\/storytelling\/brand-for-humans\/","url":"http:\/\/www.webkarma.it\/storytelling\/brand-for-humans\/","name":"Storytelling \u00e8 brand for humans","isPartOf":{"@id":"http:\/\/www.webkarma.it\/storytelling\/#website"},"datePublished":"2016-01-02T16:15:32+00:00","dateModified":"2016-02-22T21:11:44+00:00","description":"Cos'\u00e8 lo storytelling aziendale? Chi \u00e8 il brand o chi dovrebbe essere? Il web marketing positivo racconta tramite lo storytelling i pensieri ed i sogni.","breadcrumb":{"@id":"http:\/\/www.webkarma.it\/storytelling\/brand-for-humans\/#breadcrumb"},"inLanguage":"it-IT","potentialAction":[{"@type":"ReadAction","target":["http:\/\/www.webkarma.it\/storytelling\/brand-for-humans\/"]}]},{"@type":"BreadcrumbList","@id":"http:\/\/www.webkarma.it\/storytelling\/brand-for-humans\/#breadcrumb","itemListElement":[{"@type":"ListItem","position":1,"name":"Home","item":"http:\/\/www.webkarma.it\/storytelling\/"},{"@type":"ListItem","position":2,"name":"Brand for humans"}]},{"@type":"WebSite","@id":"http:\/\/www.webkarma.it\/storytelling\/#website","url":"http:\/\/www.webkarma.it\/storytelling\/","name":"WebKarma","description":"quello che dai ti sar\u00e0 restituito","potentialAction":[{"@type":"SearchAction","target":{"@type":"EntryPoint","urlTemplate":"http:\/\/www.webkarma.it\/storytelling\/?s={search_term_string}"},"query-input":"required name=search_term_string"}],"inLanguage":"it-IT"}]}},"_links":{"self":[{"href":"http:\/\/www.webkarma.it\/storytelling\/wp-json\/wp\/v2\/pages\/25","targetHints":{"allow":["GET"]}}],"collection":[{"href":"http:\/\/www.webkarma.it\/storytelling\/wp-json\/wp\/v2\/pages"}],"about":[{"href":"http:\/\/www.webkarma.it\/storytelling\/wp-json\/wp\/v2\/types\/page"}],"author":[{"embeddable":true,"href":"http:\/\/www.webkarma.it\/storytelling\/wp-json\/wp\/v2\/users\/1"}],"replies":[{"embeddable":true,"href":"http:\/\/www.webkarma.it\/storytelling\/wp-json\/wp\/v2\/comments?post=25"}],"version-history":[{"count":15,"href":"http:\/\/www.webkarma.it\/storytelling\/wp-json\/wp\/v2\/pages\/25\/revisions"}],"predecessor-version":[{"id":95,"href":"http:\/\/www.webkarma.it\/storytelling\/wp-json\/wp\/v2\/pages\/25\/revisions\/95"}],"wp:featuredmedia":[{"embeddable":true,"href":"http:\/\/www.webkarma.it\/storytelling\/wp-json\/wp\/v2\/media\/173"}],"wp:attachment":[{"href":"http:\/\/www.webkarma.it\/storytelling\/wp-json\/wp\/v2\/media?parent=25"}],"curies":[{"name":"wp","href":"https:\/\/api.w.org\/{rel}","templated":true}]}}