{"id":9,"date":"2016-01-02T15:43:55","date_gmt":"2016-01-02T15:43:55","guid":{"rendered":"http:\/\/webkarma.it\/?page_id=9"},"modified":"2016-03-28T15:59:59","modified_gmt":"2016-03-28T15:59:59","slug":"site","status":"publish","type":"page","link":"https:\/\/www.webkarma.it\/storytelling\/","title":{"rendered":"Storytelling della nostra vita ed i Brand"},"content":{"rendered":"<h2>L&#8217;essere umano vive nelle storie raccontate<\/h2>\n<h5>La vita \u00e8 cambiata e lo stesso \u00e8 successo alla pubblicit\u00e0 ed alle aziende che vi investono. La voglia di raccontare una storia o di ascoltarne una \u00e8 rimasta immutata; con il web si possono condividere storie senza limiti di spazio e tempo. I Brand, fatti anche loro di persone, raccontano storie e si rivolgono a noi per raccontarsi, per raccontarci e sempre meno per venderci qualcosa.<\/h5>\n<h5>Perch\u00e8 quello che vogliamo non \u00e8 semplicemente acquistare ma condividere un pensiero, un sentimento, un&#8217;idea. Il web marketing, tramite lo storytelling in modo particolare, vuole raccontare le aziende, i loro prodotti, valori e le persone che ci lavorano; \u00e8 il &#8220;marketing positivo&#8221;, che non ha pi\u00f9 lo scopo di forzare l&#8217;acquisto o raggirare il cliente presentando una realt\u00e0 diversa da quella tangibile.<\/h5>\n<h5>Lo <strong>storytelling aziendale<\/strong> \u00e8 un&#8217;arma estremamente potente a disposizione di ogni attivit\u00e0, ed ognuna lo pu\u00f2 fare a suo modo differenziandosi. Il <strong>significato di storytelling<\/strong> \u00e8 semplicemente raccontare una storia; non importa che si tratti della tua, di quella della tua azienda o di quella di uno sconosciuto. Fino dagli albori dell&#8217;umanit\u00e0 raccontare storie \u00e8 il modo migliore per imparare ed insegnare; quindi anche di comunicare.<\/h5>\n<h2><a href=\"http:\/\/webkarma.it\/storytelling\/cosa-e-lo-storytelling\/\">Cos&#8217;\u00e8 lo storytelling?<\/a> Come si pu\u00f2 utilizzare nel marketing? Che giovamento aziendale pu\u00f2 portare?<\/h2>\n<h2>Spero con questo blog, in cui esprimo il mio parere frutto delle esperienze fin&#8217;ora avute, di poterti dare una risposta che ti possa aiutare a sviluppare tu stesso questa forma di comunicazione mai dimenticata, che si tramanda da generazioni cambiando semplicemente forma.<\/h2>\n<p>Se vuoi delle letture interessanti ti consiglio\u00a0 l&#8217;articolo su mafedebaggis.it\u00a0 <a href=\"http:\/\/www.mafedebaggis.it\/bibliografia-per-imparare-a-far-vivere-le-storie#.VvlTh-KLRNB\" target=\"_blank\">Bibliografia per imparare a far vivere le storie<\/a>, oppure continua a navigare sul mio blog. C&#8217;era una volta&#8230;.<\/p>\n","protected":false},"excerpt":{"rendered":"<p>L&#8217;essere umano vive nelle storie raccontate La vita \u00e8 cambiata e lo stesso \u00e8 successo alla pubblicit\u00e0 ed alle aziende che vi investono. La voglia di raccontare una storia o di ascoltarne una \u00e8 rimasta immutata; con il web si possono condividere storie senza limiti di spazio e tempo. I Brand, fatti anche loro di [&hellip;]<\/p>\n","protected":false},"author":1,"featured_media":0,"parent":0,"menu_order":0,"comment_status":"closed","ping_status":"closed","template":"","meta":{"footnotes":""},"class_list":["post-9","page","type-page","status-publish","hentry"],"yoast_head":"<!-- This site is optimized with the Yoast SEO plugin v21.8 - https:\/\/yoast.com\/wordpress\/plugins\/seo\/ -->\n<title>Lo Storytelling nella nostra vita e il web marketing - Webkarma<\/title>\n<meta name=\"description\" content=\"Qual&#039;\u00e8 il significato dello storytelling? Perch\u00e8 lo storytelling aziendale \u00e8 importante per il Brand. Racconto la mia storia\" \/>\n<meta name=\"robots\" content=\"index, follow, max-snippet:-1, max-image-preview:large, max-video-preview:-1\" \/>\n<link rel=\"canonical\" href=\"http:\/\/www.webkarma.it\/storytelling\/\" \/>\n<meta property=\"og:locale\" content=\"it_IT\" \/>\n<meta property=\"og:type\" content=\"article\" \/>\n<meta property=\"og:title\" content=\"Lo Storytelling nella nostra vita e il web marketing - Webkarma\" \/>\n<meta property=\"og:description\" content=\"Qual&#039;\u00e8 il significato dello storytelling? Perch\u00e8 lo storytelling aziendale \u00e8 importante per il Brand. Racconto la mia storia\" \/>\n<meta property=\"og:url\" content=\"http:\/\/www.webkarma.it\/storytelling\/\" \/>\n<meta property=\"og:site_name\" content=\"WebKarma\" \/>\n<meta property=\"article:modified_time\" content=\"2016-03-28T15:59:59+00:00\" \/>\n<meta name=\"twitter:card\" content=\"summary_large_image\" \/>\n<meta name=\"twitter:label1\" content=\"Tempo di lettura stimato\" \/>\n\t<meta name=\"twitter:data1\" content=\"1 minuto\" \/>\n<script type=\"application\/ld+json\" class=\"yoast-schema-graph\">{\"@context\":\"https:\/\/schema.org\",\"@graph\":[{\"@type\":\"WebPage\",\"@id\":\"http:\/\/www.webkarma.it\/storytelling\/\",\"url\":\"http:\/\/www.webkarma.it\/storytelling\/\",\"name\":\"Lo Storytelling nella nostra vita e il web marketing - Webkarma\",\"isPartOf\":{\"@id\":\"http:\/\/www.webkarma.it\/storytelling\/#website\"},\"datePublished\":\"2016-01-02T15:43:55+00:00\",\"dateModified\":\"2016-03-28T15:59:59+00:00\",\"description\":\"Qual'\u00e8 il significato dello storytelling? Perch\u00e8 lo storytelling aziendale \u00e8 importante per il Brand. Racconto la mia storia\",\"breadcrumb\":{\"@id\":\"http:\/\/www.webkarma.it\/storytelling\/#breadcrumb\"},\"inLanguage\":\"it-IT\",\"potentialAction\":[{\"@type\":\"ReadAction\",\"target\":[\"http:\/\/www.webkarma.it\/storytelling\/\"]}]},{\"@type\":\"BreadcrumbList\",\"@id\":\"http:\/\/www.webkarma.it\/storytelling\/#breadcrumb\",\"itemListElement\":[{\"@type\":\"ListItem\",\"position\":1,\"name\":\"Home\",\"item\":\"http:\/\/www.webkarma.it\/storytelling\/\"},{\"@type\":\"ListItem\",\"position\":2,\"name\":\"Storytelling della nostra vita ed i Brand\"}]},{\"@type\":\"WebSite\",\"@id\":\"http:\/\/www.webkarma.it\/storytelling\/#website\",\"url\":\"http:\/\/www.webkarma.it\/storytelling\/\",\"name\":\"WebKarma\",\"description\":\"quello che dai ti sar\u00e0 restituito\",\"potentialAction\":[{\"@type\":\"SearchAction\",\"target\":{\"@type\":\"EntryPoint\",\"urlTemplate\":\"http:\/\/www.webkarma.it\/storytelling\/?s={search_term_string}\"},\"query-input\":\"required name=search_term_string\"}],\"inLanguage\":\"it-IT\"}]}<\/script>\n<!-- \/ Yoast SEO plugin. -->","yoast_head_json":{"title":"Lo Storytelling nella nostra vita e il web marketing - Webkarma","description":"Qual'\u00e8 il significato dello storytelling? Perch\u00e8 lo storytelling aziendale \u00e8 importante per il Brand. Racconto la mia storia","robots":{"index":"index","follow":"follow","max-snippet":"max-snippet:-1","max-image-preview":"max-image-preview:large","max-video-preview":"max-video-preview:-1"},"canonical":"http:\/\/www.webkarma.it\/storytelling\/","og_locale":"it_IT","og_type":"article","og_title":"Lo Storytelling nella nostra vita e il web marketing - Webkarma","og_description":"Qual'\u00e8 il significato dello storytelling? Perch\u00e8 lo storytelling aziendale \u00e8 importante per il Brand. Racconto la mia storia","og_url":"http:\/\/www.webkarma.it\/storytelling\/","og_site_name":"WebKarma","article_modified_time":"2016-03-28T15:59:59+00:00","twitter_card":"summary_large_image","twitter_misc":{"Tempo di lettura stimato":"1 minuto"},"schema":{"@context":"https:\/\/schema.org","@graph":[{"@type":"WebPage","@id":"http:\/\/www.webkarma.it\/storytelling\/","url":"http:\/\/www.webkarma.it\/storytelling\/","name":"Lo Storytelling nella nostra vita e il web marketing - Webkarma","isPartOf":{"@id":"http:\/\/www.webkarma.it\/storytelling\/#website"},"datePublished":"2016-01-02T15:43:55+00:00","dateModified":"2016-03-28T15:59:59+00:00","description":"Qual'\u00e8 il significato dello storytelling? Perch\u00e8 lo storytelling aziendale \u00e8 importante per il Brand. Racconto la mia storia","breadcrumb":{"@id":"http:\/\/www.webkarma.it\/storytelling\/#breadcrumb"},"inLanguage":"it-IT","potentialAction":[{"@type":"ReadAction","target":["http:\/\/www.webkarma.it\/storytelling\/"]}]},{"@type":"BreadcrumbList","@id":"http:\/\/www.webkarma.it\/storytelling\/#breadcrumb","itemListElement":[{"@type":"ListItem","position":1,"name":"Home","item":"http:\/\/www.webkarma.it\/storytelling\/"},{"@type":"ListItem","position":2,"name":"Storytelling della nostra vita ed i Brand"}]},{"@type":"WebSite","@id":"http:\/\/www.webkarma.it\/storytelling\/#website","url":"http:\/\/www.webkarma.it\/storytelling\/","name":"WebKarma","description":"quello che dai ti sar\u00e0 restituito","potentialAction":[{"@type":"SearchAction","target":{"@type":"EntryPoint","urlTemplate":"http:\/\/www.webkarma.it\/storytelling\/?s={search_term_string}"},"query-input":"required name=search_term_string"}],"inLanguage":"it-IT"}]}},"_links":{"self":[{"href":"https:\/\/www.webkarma.it\/storytelling\/wp-json\/wp\/v2\/pages\/9","targetHints":{"allow":["GET"]}}],"collection":[{"href":"https:\/\/www.webkarma.it\/storytelling\/wp-json\/wp\/v2\/pages"}],"about":[{"href":"https:\/\/www.webkarma.it\/storytelling\/wp-json\/wp\/v2\/types\/page"}],"author":[{"embeddable":true,"href":"https:\/\/www.webkarma.it\/storytelling\/wp-json\/wp\/v2\/users\/1"}],"replies":[{"embeddable":true,"href":"https:\/\/www.webkarma.it\/storytelling\/wp-json\/wp\/v2\/comments?post=9"}],"version-history":[{"count":12,"href":"https:\/\/www.webkarma.it\/storytelling\/wp-json\/wp\/v2\/pages\/9\/revisions"}],"predecessor-version":[{"id":221,"href":"https:\/\/www.webkarma.it\/storytelling\/wp-json\/wp\/v2\/pages\/9\/revisions\/221"}],"wp:attachment":[{"href":"https:\/\/www.webkarma.it\/storytelling\/wp-json\/wp\/v2\/media?parent=9"}],"curies":[{"name":"wp","href":"https:\/\/api.w.org\/{rel}","templated":true}]}}